 What are the prime factors of l?
2
List the prime factors of 6*(-33)/(-12)*2.
3, 11
Let d(r) = r**2 + 5*r + 3. Let i = -13 + 8. Let g be d(i). Suppose -t + o = -2*o - 1, -2*t + g = -5*o. What are the prime factors of t?
2
Let z(s) = -3 - 2*s - 7 + 0*s. What are the prime factors of z(-8)?
2, 3
Let q(z) = -z**2 - 11*z - 8. Let b be q(-10). Suppose -a + 4*a + 5 = f, 0 = b*a. Suppose 4 = -h + 3, 5*x - 80 = -f*h. What are the prime factors of x?
17
Let x be (1 - -1)/(6/6). Suppose 2*d = d + x. What are the prime factors of -1*(-10)/d + 1?
2, 3
Let o = 11 - 8. Suppose 17 = x + x + 5*r, 0 = r + o. List the prime factors of x.
2
Let v = 14 - -8. Let t(y) = -y**3 + 3*y**2 + y + 2. Let h be t(3). Suppose 0*b - b = h*c - 14, 4*b - v = -3*c. What are the prime factors of b?
2
Let k(w) = -w**2 + 15*w + 7. List the prime factors of k(5).
3, 19
Suppose 0 = 2*f - 5*w - 11, -5*w - 27 + 2 = 0. What are the prime factors of 172/14 - (-2)/f?
2, 3
Suppose 0 = -m + z + 25, 2*z - 77 + 2 = -3*m. List the prime factors of m.
5
Suppose -2*l + 23 = 123. Let b = l + 83. Suppose 5*h - 7 = b. List the prime factors of h.
2
Let o = -85 - -195. List the prime factors of o.
2, 5, 11
Let w = 109 - 33. What are the prime factors of w?
2, 19
Let m = -11 - -9. What are the prime factors of m*4/8 + 4?
3
Let x be (-2 - -4)/((-4)/(-10)). Suppose 18 = x*k - 22. Suppose -3*d - k = -38. What are the prime factors of d?
2, 5
Suppose 0 = -2*l + 5*m + 8, -3*l + 16 = 2*m + 4. List the prime factors of l.
2
List the prime factors of 1122/5 - 27/(-45).
3, 5
Suppose -8 = -4*m - 0. Suppose -2*s + 3*k + 43 = 0, -k = -m*k - 5. List the prime factors of s.
2, 7
Let u = -9 - -13. Suppose q - 35 = -u*q. List the prime factors of q.
7
Let z(s) be the first derivative of 2*s**3/3 - 2*s**2 + 3*s + 2. Let l be z(2). Suppose -12 = x - l*x. List the prime factors of x.
2, 3
What are the prime factors of (364/(-39))/(4/(-6))?
2, 7
Let c(g) be the first derivative of -g**4/4 - 8*g**3/3 - g**2/2 + 4*g - 2. List the prime factors of c(-8).
2, 3
Let s(y) = y**2 + y - 7. List the prime factors of s(-5).
13
Suppose 5*y = 3*c - 311, 5*c = 5*y - 179 + 704. List the prime factors of c.
107
Suppose 4*z - 2*q = 3*z + 6, z = 3*q + 5. Let m(a) be the third derivative of a**4/24 + a**3 + 2*a**2. What are the prime factors of m(z)?
2, 7
Suppose 0 = -4*k + 171 + 225. What are the prime factors of k?
3, 11
Let y = 29 - 14. What are the prime factors of y?
3, 5
Let q = -5 - -16. Let z = 15 - q. Let w(r) = r**3 - 4*r**2 + 2*r + 2. List the prime factors of w(z).
2, 5
Let n(f) be the third derivative of -f**4/12 - 3*f**3/2 + f**2. List the prime factors of n(-7).
5
Let n be -3*1 + (0 - -3). Suppose 5*x + 4*w - 35 = n, -6*x - 2*w + 34 = -2*x. List the prime factors of x.
11
Let y be (1*-32)/(1/(-2)). Suppose -h = -5*f - 8, 3*h + 4*f - y = -f. List the prime factors of h.
2, 3
Let w be (1/(-2))/(6/(-24)). Suppose -k + 2 = -3*o, k = -0*k - w*o + 7. What are the prime factors of k?
5
Suppose 4*r = -0*o + 2*o + 14, 17 = 4*r - 5*o. Let i be ((-3)/(-2))/(r/10). Suppose i*b - 39 = 2*b. What are the prime factors of b?
13
Suppose -v - 3 = -5, 4 = 2*u + 2*v. Suppose 3*k = -u*k + 21. Let w = -3 + k. What are the prime factors of w?
2
Suppose -2*u = x - 379, 5*x + 111 = -5*u + 1046. Suppose -27 + u = 5*d. What are the prime factors of d?
3, 11
Suppose -3*z + 84 = z. What are the prime factors of z?
3, 7
Let q = 95 + -59. List the prime factors of q.
2, 3
What are the prime factors of -5 - (0 - 2) - -9?
2, 3
Suppose -3*x - 2*x + 955 = 5*l, 0 = 2*l + 3*x - 379. What are the prime factors of l?
2, 97
Let f = 3 - 7. Let b(j) = j**3 + 7*j**2 + 6*j. Let h be b(f). Suppose h = -0*c + 2*c. List the prime factors of c.
2, 3
Suppose -2*h - h - 60 = 3*q, -2*h = -3*q + 20. Let y = -10 - h. List the prime factors of y.
2, 3
Suppose 3*m - 2*m - 22 = -n, -m + 64 = 3*n. Let v be 348/(-7) + (-6)/n. List the prime factors of 2/(-8) - v/8.
2, 3
Let b be (-6)/15 + (-36)/(-15). Let r = b + 1. List the prime factors of r.
3
Suppose 0 = -5*c + 4*g + 916 + 29, 0 = 5*c + 2*g - 915. What are the prime factors of c?
5, 37
Let i(b) = -b. Let h be i(-2). Let k(n) = -2 + h*n + 2*n**2 - 1 - 4*n. List the prime factors of k(-2).
3
Let g = 553 + -389. List the prime factors of g.
2, 41
Suppose 2*q - 14 = 10. List the prime factors of (q/(-7))/(4/(-28)).
2, 3
Let o(h) = -h**3 - 6*h**2 + 2*h - 5. Let m be o(-7). Let v = -1 - -1. Suppose v = -5*t - d + m, t - 3*t - d = -15. What are the prime factors of t?
5
Suppose -z - 5 + 22 = 0. Let t be (14/(-6))/((-2)/(-6)). Let o = t + z. List the prime factors of o.
2, 5
Let h = 1 - 17. Let f = 25 - h. List the prime factors of f.
41
Let l be (-8)/(-3)*69/4. Let d = l - 32. What are the prime factors of d?
2, 7
Suppose -4*u + 5*l = -46, -3*u - 4*l + 18 + 1 = 0. Suppose -2*s = -u - 3. Suppose 0*q + 3*q + 3*m - s = 0, -q + 17 = -4*m. What are the prime factors of q?
5
Let j(t) = 2*t**2 + 3*t**2 - 4*t**2 - 2 - 5*t. Let c be j(4). What are the prime factors of c*(6/9)/(-1)?
2
Let s be 8/(-16)*(-145 + 1). Suppose 6 = 3*o - s. What are the prime factors of o?
2, 13
What are the prime factors of (-7852)/(-65) + (-2)/(-10)?
11
Suppose o + 314 = 3*o. Suppose -4*y = 4*p + y - o, 3*p = y + 94. List the prime factors of p.
3, 11
Suppose -7*l + 11*l = 8. Suppose 2 = l*a + 4, -18 = -r + 4*a. What are the prime factors of r?
2, 7
Let m(t) = 2*t**3 + 2*t**2 - 1. Let v be m(2). Suppose -i + 4 - 1 = 0. Suppose u = -u - i*j + 2, 4*j = u - v. List the prime factors of u.
7
Suppose 5*c + 2 = 4*c. Let j be (2/(c/(-17)))/1. Let x = j - 7. List the prime factors of x.
2, 5
Let d(r) = r**2 - 1. Let o be d(1). Suppose 0 = -5*x + 4*x. Suppose x = -o*g + g - 11. List the prime factors of g.
11
Let n(w) be the first derivative of -w + 2 + 2/3*w**3 - w**2. List the prime factors of n(3).
11
Let p(j) = -27*j + 4. What are the prime factors of p(-2)?
2, 29
Let w(v) = v + 2. Let a be w(0). Suppose -h = 5*y - 41, -h + a*y + 81 = -3*y. Suppose 3*g + 4*z - h = 0, -4*g - 5*z = -0*z - 81. List the prime factors of g.
19
Suppose -5*v + 363 = 4*w, -6*w + 2*w = 3*v - 213. Let j be -2*(v/6)/(-5). Suppose -m + 18 = -4*a, -2*a - 39 + j = -3*m. List the prime factors of m.
2, 5
Suppose -3*d = 4*k - 156, -d + 16 = -k + 55. List the prime factors of k.
3, 13
Suppose -3*p = 2*p - 15. Suppose 5*i - a = 51, -6*a + 56 = 4*i - p*a. Suppose 2*q - 27 = -i. List the prime factors of q.
2
Suppose -5*g + 893 = -967. List the prime factors of g.
2, 3, 31
Let s be 2/(-9) + 4/18. Suppose s = -3*a + 8*a - 75. What are the prime factors of a?
3, 5
Suppose 0*t + 2 = -2*t. Let c = -5 + t. Let s(f) = f**2 + 5*f + 4. List the prime factors of s(c).
2, 5
Let n = -10 + -38. What are the prime factors of (-2)/(-10) + n/(-10)?
5
Suppose -4*q + h - 4 = 0, 0 = q - 0*q + 2*h - 8. Suppose -5*n + g - 2 = q, -n = n - 3*g + 6. Suppose n = 2*i - 4 - 6. List the prime factors of i.
5
Let f = 5 + -2. Let d = 11 - 7. Suppose 48 = f*p - d*l, l = p + p - 37. What are the prime factors of p?
2, 5
Suppose -w + 2*h = -99, 4*w + 159 - 510 = -h. List the prime factors of w.
89
Suppose -3*x = n - 220, 0 = -x - 2*n + 4*n + 71. What are the prime factors of x?
73
Suppose 0 = -5*k - 3*h - 243, -2*k + 2*h - 46 = -k. Let w = -10 - k. What are the prime factors of w?
2, 19
Let r = -76 + 250. What are the prime factors of r?
2, 3, 29
Suppose 2*u = u + 39. Let q = u - 19. What are the prime factors of q?
2, 5
Suppose -w = -5*g + 607, 4*g - 115 = 3*g - 3*w. List the prime factors of g.
11
Suppose 0 = -5*y - x + 508, -4*y = -0*y + 4*x - 400. What are the prime factors of y?
2, 3, 17
Let o be (-34)/(-9) + (-4)/(-18). Suppose 3*g = -z - 6 + 19, -4*z + o*g = -4. Suppose 14 + 18 = z*m. What are the prime factors of m?
2
Suppose -v + 7 = -w, -3*v + 5*w = -8 - 7. Let x = -3 + v. Suppose d = 2*g - x - 15, -5*g = -3*d - 55. List the prime factors of g.
11
Suppose 4*w + 8 = 5*w + 4*q, 4*w + 2*q = 74. Suppose w = 2*x + 4*h, -2*h = 3*h - 5. What are the prime factors of x?
2
Suppose 4*c - 8*c - a + 6 = 0, -5*a = 3*c - 13. Let l = c + 6. List the prime factors of l.
7
Let n(m) = 6*m. Let u be n(-3). Let c = 9 - u. What are the prime factors of c?
3
Let v be (-2)/1 + (16 - 1). Suppose -71 - v = -3*g. Suppose 52 = 2*o - 5*x, x = 2*o +